 + 4 = 0. Determine w(d).
0
Let i = -6 - 1. Let r = i - -11. Suppose 4*g + r = 5*g. Let x(k) = -k. Calculate x(g).
-4
Let h(q) be the second derivative of 6*q - 1/6*q**3 - 1/3*q**4 + 2*q**2 - 1/20*q**5 + 0. Determine h(-3).
-2
Suppose -5*n = -4*h + 14, 0*h - 2*h + 8 = -2*n. Let i be (-15)/h - 1/2. Let v = i + 8. Let p(w) = -w**2 + 5*w + 4. Calculate p(v).
4
Let b(n) = -6*n**2 + 2. Let q(y) = y**2 + y - 3. Let t(r) = 5*r**2 + 6*r - 16. Let h(p) = -11*q(p) + 2*t(p). Let k(a) = -b(a) + h(a). Give k(1).
5
Suppose 0 = -4*j - 4*n + 8, -4*j - 2*n + 3 = 1. Let l(y) be the first derivative of -4*y**3/3 - y**2/2 + 8. What is l(j)?
-3
Let p be (2/4)/((-2)/4). Let u(c) = 5*c + 1. Let a = -9 - -13. Let r(x) = x. Let f(v) = a*r(v) - u(v). What is f(p)?
0
Let h(t) = 2*t**3 - t**2 - 2*t. Let f(n) = n**2 - n. Let d(x) = f(x) - h(x). Suppose 5*z + 0 + 5 = 0. Give d(z).
3
Let h(x) = -2*x + 2. Suppose -6*f = -f - 30. Let c = 8 - f. What is h(c)?
-2
Let k(b) = b - 3. Let d be k(10). Let q = 4 - d. Let c(x) = -2*x**2 - 5*x - 3. Let r(i) = 8*i**2 + 20*i + 12. Let o(j) = -9*c(j) - 2*r(j). What is o(q)?
6
Let s(c) = c**3 - 2*c**2 - 1. Suppose -3*y = -27 + 3. Let u be (-18)/(-8) + 6/y. Give s(u).
8
Let s(r) = -r**3 + 8*r**2 - 8*r + 3. Let n = -63 + 119. Let v be 0 - 0 - n/(-8). Determine s(v).
-4
Let k(t) = -t**3 - 4*t**2 - 4*t - 2. Let p be k(-3). Let q(h) = 19*h**3 - 2*h + 1. What is q(p)?
18
Let i(q) = q**2 + 3*q + 2. Let w(x) = -x. Let k be w(4). What is i(k)?
6
Let y be (-10)/(-5) + (-1)/(-1). Suppose -5*s + 5 = -r - 8, -12 = 4*r. Let d(p) = -2*p**2 + 0*p**s + 1 - 2 - 4*p + 3*p**2. Give d(y).
-4
Suppose -z + d + 4 = 0, -5*z = -3*z - 4*d - 6. Let j(c) = c + 3. Give j(z).
8
Let p(l) = 3*l + 7. Let r(j) = -j**3 - 2*j**2 + j - 6. Let y be r(0). Calculate p(y).
-11
Let s = 5 - 5. Suppose 3*b - 4*j + 2 = s, b + 8*j = 3*j + 31. Suppose -4*u - b = 2. Let v(f) = 3*f**2 + f - 1. What is v(u)?
9
Let o(c) = 2*c**3 - 3*c**2 + 4*c + 7. Let n(l) = 5*l**2 - 6 - 3*l**3 + 2*l - 7 - 6*l - 3*l. Let w(h) = 3*n(h) + 5*o(h). Suppose -5*k = -3*k. Give w(k).
-4
Let f(h) be the third derivative of -h**6/120 + h**5/60 - h**4/24 + h**3/3 + 9*h**2. Give f(0).
2
Let x(y) = -y**3 - 2*y**2 - 2*y + 2. Let z = 3 - 1. Let v(s) = 0 - s**2 + 2 - z - 3*s - 2. Let q be v(-3). Give x(q).
6
Let l(t) = -1 - t**3 + 2*t**3 - 2*t**2 + 3*t + t**2. Suppose 0 = -5*s - 0*s - 35. Let z = -5 - s. Calculate l(z).
9
Let y(t) = -t + 1. Suppose -3*o = 4 + 2. Let b(r) = r. Let c(n) = o*b(n) - 3*y(n). Give c(3).
0
Let b(d) = d**2 + 12*d - 5. Let t(z) = -3*z**2 - 35*z + 15. Let x(u) = 11*b(u) + 4*t(u). What is x(-4)?
21
Let m = 7 + -10. Let h = m + 6. Let s(c) = h + 2*c**3 - 2 - c**2 + 0. What is s(-1)?
-2
Let b(l) = -l**2 + 4*l + 0*l**2 + 0*l**2. Let i = 34 + -31. Determine b(i).
3
Let f(y) = -y**2 - 2. Let l(a) = -1. Let p(w) = -f(w) - 3*l(w). Suppose m - 2*m = 0. What is p(m)?
5
Let k(x) be the second derivative of -x**5/20 - x**4/4 + x**3/3 - 3*x**2/2 + x. Let q = 0 - -6. Let w = 2 - q. Calculate k(w).
5
Let w be (16/(-28))/(4/(-14)). Let h(n) = -3*n. What is h(w)?
-6
Let y(q) = q**3 - 11*q**2 + 4*q - 3. Let a(n) = n**3 - 10*n**2 + 3*n - 2. Let t(u) = -6*a(u) + 5*y(u). What is t(3)?
21
Let m(d) = d**2 - 4*d - 3. Let s = 0 - -4. Suppose 17 - 2 = -3*h - 5*o, 2*o + 20 = -s*h. Let a = 0 - h. Calculate m(a).
2
Let d(p) be the first derivative of 5*p + 1/2*p**2 + 4. Give d(-5).
0
Let l(i) = 2*i - 80 - 5*i + 79 + i**2 + 0*i. Determine l(6).
17
Suppose -s + 20 = 3*s. Let a(n) = -n**2 + 5*n - 2. Determine a(s).
-2
Let j be 0/(-2 - (-1 + 0)). Let x(z) = z + j*z + 5*z. Let i = -4 + 5. Calculate x(i).
6
Let i(d) = -d**3 + d**2 - d + 3. Suppose -7*x + 4*x + 6*x = 0. Calculate i(x).
3
Suppose 0 = 5*o - 0 - 25. Let y(x) = 11 - 1 - o + x. What is y(-6)?
-1
Let j(b) = 7*b + 1. Let g be (-10)/40 + (-3)/4. Determine j(g).
-6
Let h(d) = d**3 - 4*d**2 - 6*d - 1. Let o be h(5). Let m(z) = -z - 7. What is m(o)?
-1
Let v(i) = 69 - 33 - 9*i**2 - 39 + i**3 + 0*i**3 + i. Determine v(9).
6
Let w(o) = -o - 1. Let l be w(4). Let h(a) = a**2 + 8*a + 6. Calculate h(l).
-9
Let t(v) = -8*v**3 + 2*v**3 + 5*v**3 + 5 + 2*v**2 + 4*v**2. Determine t(6).
5
Let a be -1*2 - (3 - 2). Let g(m) = -m**3. Let o(x) = -2*x**3 + 2*x**2 - 2*x - 3. Let f(k) = a*g(k) + o(k). Determine f(-2).
1
Let s(g) = -4 - 233*g + 472*g - 238*g. Calculate s(4).
0
Suppose -4*w + 48 = -5*j, 2*j + 35 = 3*w - 2*j. Let k(a) = w*a - 39*a + 1 + 18*a. What is k(-1)?
5
Let s(z) = 6*z - 3. Let v = 4 + -4. Let x = 2 + v. Suppose -x*l - 3*o = -5*o, -3*o = -6. What is s(l)?
9
Let m(l) = l + 0 - 6 - 1. Let n be m(5). Let o(i) = i + 8 - 6 - 3. Give o(n).
-3
Let j(n) = -n**3 - 5*n**2 + 5*n - 3. Suppose -l - 15 = -2*g - 3*g, 0 = -4*g + 2*l + 6. Suppose 6 = -5*f + g*f. Determine j(f).
3
Let a(d) = -d**2 - d + 1. Let y(g) = -g**3 - 6*g**2 - 3*g + 5. Let p(c) = 4*a(c) - y(c). Let r = -3 - -7. Suppose 4*b = 2*x - 12, -r*x = -x - 6. Calculate p(b).
1
Suppose -u + 1 = 2*x, -u - 5 = -4*x - 0. Suppose -z = -5*o + 20, -3*o = -5*o - z + x. Let w(q) = -q**2 + q - 4. Determine w(o).
-10
Let t(x) = -x**2 + x + 1. Let g(w) = 5*w**2 + 2*w - 16. Let d(r) = g(r) + 6*t(r). What is d(7)?
-3
Suppose 3*w = 2*s + 4*w + 4, -2*w + 4 = 0. Let g(i) = i - 3. Let l(j) = 8 - 4*j + 11 + 0*j - 9. Let x(o) = -10*g(o) - 3*l(o). Give x(s).
-6
Let j(a) be the first derivative of a**4/4 + 7*a**3/3 + 3*a**2 - 4*a - 6. Determine j(-6).
-4
Let g(j) = 257 - 2*j - 251 - 5*j + 6*j. Let n = -5 + 12. Determine g(n).
-1
Let r(w) = 2*w**2 + 5*w + 3. Let a be r(-3). Suppose a*k = k. Suppose k = -3*g + 2*g - 5. Let h(q) = -q**2 - 5*q - 2. Give h(g).
-2
Suppose a - 2*a = -2*n + 13, -3*a = -5*n + 35. Let y(t) = -t**3 - 4*t**2 + 5*t + 3. Let c be y(a). Suppose c*r - 7 = 2. Let s(u) = u**2 - 3*u + 3. What is s(r)?
3
Suppose -5*z + b = 4*b + 34, -34 = 4*z - b. Let f(j) = -j**3 - 7*j**2 + 7*j - 8. Determine f(z).
0
Let b be -1 + -2 + (-2 - -1). Let d = b - 1. Let m(p) = p + 3. Give m(d).
-2
Let x = 2 - 0. Let i(y) = -6*y**2 + 5 + 5*y**x + 0 - 2*y. Let g(p) = -p**3 - 6*p**2 + 2*p + 8. Let s be g(-6). Give i(s).
-3
Suppose -b = b - 10, 5*o - b + 35 = 0. Let h(z) = -z**2 - 8*z - 5. What is h(o)?
7
Let j(x) = -x**3 + 3*x**2 + 4*x + 5. Suppose 2*q = 6*q - 16. Let n = 0 + q. Give j(n).
5
Let y(s) = -s**3 + 6*s**2 - 5*s + 5. Let f be y(5). Let h = 8 - 6. Let l(w) = 3*w + h*w**2 - 3 + 4*w - 3*w**2. Give l(f).
7
Suppose -205 = 7*f - 48*f. Let y(w) = 6*w - 1. Let z(h) = h. Let x(o) = -y(o) + 5*z(o). Give x(f).
-4
Let p be (-23)/(-7) + (-10)/35. Let q be (3 - 3) + (p - 1). Let y(v) = 7*v - v - q*v. What is y(2)?
8
Let o(f) = -4*f**3 - 2*f**2 - f - 1. Let h be (1 - (-3)/(-5))*(-5 + 0). Determine o(h).
25
Let c(j) = 2*j**3 - 2*j**2 - 2*j. Let w(s) = s**2 - 5*s - 22. Let h be w(8). Determine c(h).
4
Let b(r) = -4*r**2 - 4*r + 3*r + r**3 - 6*r + 7. Determine b(5).
-3
Suppose -a - 5*l = -21, 0*a + 3*l = -a + 13. Let o be a/(-2)*(4 - 2). Let n(j) = -3*j + j + 3*j - 3*j**2. What is n(o)?
-4
Let l(p) = -9 + 7*p - p**2 + 5*p**2 - 6*p**2 + p**2. Give l(6).
-3
Suppose -5*h = -6*h - 7. Let s(q) = -q**3 - 8*q**2 - 9*q - 6. Give s(h).
8
Let g(r) be the third derivative of r**6/60 + r**5/60 - r**4/12 + 13*r**2. Let o(u) = -u**2 + 3*u + 2. Let z be o(4). What is g(z)?
-8
Let v(r) be the third derivative of r**6/120 + r**5/20 - 5*r**4/24 + r**3/2 + 8*r**2. Let u be 2/(-4)*(-6)/3. Let n be u*-3 - (-2)/(-2). What is v(n)?
7
Let y(i) = -5*i - 7. Let u(r) = 10*r + 13. Let h(x) = -6*u(x) - 11*y(x). Give h(1).
-6
Let z(y) = 4*y - 22. Let b be z(6). Let u(g) = -4*g - 2. Calculate u(b).
-10
Suppose 0 = -2*l + 6 - 0. Let b(d) = 4 - d**2 + 0*d + l*d + 0*d + 0*d. Let q(w) = w**2 - 5*w - 1. Let s be q(6). Calculate b(s).
-6
Let w(i) = -i + 0*i**2 - i**3 - 2*i**2 + 2*i**3. Let l be 1 - (0 - (-3 + 4)). Give w(l).
-2
Let r(d) = 4*d**3 - d + 1. Suppose -8 = -4*t + 16. Let i(o) = o**3 - 5*o**2 - 5*o - 6. Let j be i(t). Suppose -l - l - 2 = -4*n, j = 5*l + n - 6. What is r(l)?
4
Let c(g) = -2*g**3 - g**2 + g - 1. Suppose -2*s - 2 = -u - 0*u, -3*u + 4 = -5*s. What is c(s)?
9
Let b = -3 - -8. Let q(a) be the third derivative of -a**4/24 + a**3/6 + a**2. Let r(f) = -5*f + 10. Let u(y) = 4*q(y) - r(y). What is u(b)?
-1
Suppose -5*v + 3 = -2. Let h(m) = -v + 4 - 2*m + 3*m. Give h(0).
3
Suppose -4*